{"id":182,"date":"2015-07-18T11:43:32","date_gmt":"2015-07-18T11:43:32","guid":{"rendered":"http:\/\/iuliu.sancraian.ro\/?page_id=182"},"modified":"2018-04-25T20:02:20","modified_gmt":"2018-04-25T20:02:20","slug":"nelson","status":"publish","type":"page","link":"https:\/\/iuliu.sancraian.ro\/index.php\/nelson\/","title":{"rendered":"Nelson"},"content":{"rendered":"<p>Cuprins<\/p>\n<p>Introducere<br \/>\nPrefa\u0163a<br \/>\nCapitolul I N-am v\u0103zut niciodat\u0103 frica<br \/>\nCapitolul II Comandant de nav\u0103<br \/>\nCapitolul III Va deveni un om mare. Emma<br \/>\nCapitolul IV Promit dinainte iertarea<br \/>\nCapitolul V Captura\u0163i-i, scufunda\u0163i-i \u015fi incendia\u0163i-i<br \/>\nCapitolul VI Femeia vie\u0163ii lui<br \/>\nCapitolul VII Nu v\u0103d semnalul<br \/>\nCapitolul VIII Preludiul victoriei \u015fi al mor\u0163ii<br \/>\nCapitolul IX Anglia a\u015fteapt\u0103 s\u0103 v\u0103 face\u0163i datoria<br \/>\nEpilog<\/p>\n<p>&nbsp;<\/p>\n<p><img loading=\"lazy\" decoding=\"async\" class=\"size-full wp-image-183 aligncenter\" src=\"https:\/\/iuliu.sancraian.ro\/wp-content\/uploads\/2015\/07\/Nelson1.jpg\" alt=\"Nelson1\" width=\"204\" height=\"247\" \/><\/p>\n<p style=\"text-align: center;\"><strong>Amiralul Nelson<\/strong><\/p>\n<p><strong>Capitolul I &#8211; N-am v\u0103zut niciodat\u0103 frica<\/strong><\/p>\n<p>\u2026\u2026\u2026\u2026\u2026\u2026\u2026\u2026\u2026\u2026..<\/p>\n<p>\u00centr-o noapte, \u00een timpul cartului, Nelson a plecat de pe nav\u0103 \u00eempreun\u0103 cu unul dintre camarazi, profit\u00e2nd de cea\u0163a care se ridicase, \u00een urm\u0103rirea unui urs. Lipsa lor a fost cur\u00e2nd remarcat\u0103.<br \/>\nC\u0103pitanul Lutwidge \u015fi ofi\u0163erii s\u0103i erau foarte \u00eengrijora\u0163i de soarta celor doi. \u00centre orele 3 si 4 diminea\u0163a, vizibilitatea fiind bun\u0103, cei doi aventurieri au fost v\u0103zu\u021bi, la o distan\u0163\u0103 considerabil\u0103 fa\u0163\u0103 de nav\u0103, atac\u00e2nd un urs polar uria\u015f.<br \/>\nImediat a fost dat, cu pavilioane de saul\u0103, semnalul de \u00eentoarcere a celor doi. Camaradul lui Nelson i-a spus c\u0103 trebuie s\u0103 se supun\u0103 ordinului s\u0103 se \u00eentoarc\u0103 la nav\u0103, dar \u00een zadar. Au risipit muni\u0163ia f\u0103r\u0103 s\u0103 nimereasc\u0103 ursul. O sp\u0103rtur\u0103 \u00een ghea\u0163\u0103, care-i desp\u0103r\u0163ea de urs, probabil le-a salvat via\u0163a.<br \/>\n\u2013 Nu conteaz\u0103, a strigat el, las\u0103-m\u0103 s\u0103-l lovesc pe diavolul \u0103sta cu cu patul armei \u015fi o s\u0103-l \u00eenvingem.<br \/>\nComandantul navei, c\u0103pitanul Lutwidge, v\u0103z\u00e2nd pericolul, a tras o lovitur\u0103 cu tunul, care a avut efectul scontat de gonire a bestiei. C\u0103pitanul l-a certat foarte dur pentru purtarea sa \u015fi a vrut s\u0103 \u015ftie motivele pentru care a vrut cu orice pre\u0163 s\u0103 v\u00e2neze ursul.<br \/>\n\u2013 Domnule, a spus el, sco\u0163\u00e2ndu-\u015fi buza de jos \u00een eviden\u0163\u0103, a\u015fa cum f\u0103cea c\u00e2nd era agitat, am vrut s\u0103 omor ursul, pentru a-i duce pielea tat\u0103lui meu.<br \/>\n\u2026\u2026\u2026\u2026\u2026\u2026\u2026\u2026\u2026\u2026..<\/p>\n<p><strong>Capitolul VIII &#8211; Preludiul victoriei \u0219i al mor\u021bii<\/strong><\/p>\n<p>\u2026\u2026\u2026\u2026\u2026\u2026\u2026\u2026\u2026\u2026..<br \/>\nNiciodat\u0103 nu a fost un comandant mai iubit de subordona\u0163i dec\u00e2t Nelson. El conducea oamenii cu ra\u0163iune \u015fi afec\u0163iune, \u015ftiau c\u0103 el era incapabil de tiranie, ace\u015ftia supun\u00e2ndu-i-se cu bucurie, deoarece se bucura de dragostea \u015fi \u00eencrederea lor. \u201eNel al nostru\u201d spuneau ei \u201eeste curajos ca un leu \u015fi bl\u00e2nd ca un miel.\u201d El detes-ta disciplina sever\u0103, de\u015fi fusese crescut \u00eentr-o disciplin\u0103 cazon\u0103. Evita s\u0103 ordone pedepse corporale \u015fi, atunci c\u00e2nd le ordona, el, care a fost r\u0103nit \u015fi s-a apropiat de moarte, suferea ca o femeie. Era exigent, dar drept \u015fi uman. A luptat pentru ca subordona\u0163ii s\u0103-\u015fi ob\u0163in\u0103 drepturile, a stat la u\u015fa birourilor Amiralit\u0103\u0163ii pentru a ob\u0163ine recompensele cuvenite oamenilor lui, a propus \u00een Parlament m\u0103suri pentru \u00eembun\u0103t\u0103\u0163irea condi\u0163iilor de via\u0163\u0103 ale echipajelor. A propus ca marinarii care au servit cinci ani s\u0103 primeasc\u0103, dup\u0103 l\u0103sarea la vatr\u0103, anual, o recompens\u0103 de 2 guinee, \u015fi pentru 8 ani, 4 guinee.<br \/>\nAvea grij\u0103 ca aspiran\u0163ii s\u0103-\u015fi \u00eensu\u015feasc\u0103 meseria de marinar \u015fi s\u0103 aib\u0103 o comportare foarte bun\u0103. \u00cei \u00eencuraja pe cei timizi, \u00eei ajuta ca pe ni\u015fte prieteni. \u201eAmintesc\u201d obi\u015fnuia s\u0103 spun\u0103, \u201ec\u0103 trebuie s\u0103 fii bun marinar ca s\u0103 fii ofi\u0163er \u015fi de asemenea nu po\u0163i s\u0103 fii un bun ofi\u0163er dac\u0103 nu e\u015fti un gentlemen.\u201d Nu suporta ca inferiorii s\u0103 jigneasc\u0103 superiorii \u00een grad, iar cazurile de lovire a superiorului de c\u0103tre inferior, a\u015fa cum am v\u0103zut, au fost sanc\u0163ionate cu sp\u00e2nzur\u0103toarea. El spunea: \u201eSunt obligat de func\u0163ia mea s\u0103 sprijin autoritatea \u015fi, \u00een consecin\u0163\u0103, a fiec\u0103rui ofi\u0163er din subordinea mea. Un marinar ignorant va fi \u00eentotdeauna pedepsit pentru atitudinea necorespunz\u0103toare fa\u0163\u0103 de superiorul s\u0103u.\u201d<br \/>\n\u2026\u2026\u2026\u2026\u2026\u2026\u2026\u2026\u2026\u2026..<\/p>\n<p>Capitolul IX Anglia a\u0219teapt\u0103 s\u0103 v\u0103 face\u021bi datoria<br \/>\n\u2026\u2026\u2026\u2026\u2026\u2026\u2026\u2026\u2026\u2026..<br \/>\nLa orele 11.40, Nelson este din nou pe puntea de comand\u0103 \u015fi ordon\u0103 ridicarea semnalului pentru Africa \u201eM\u0103ri\u0163i viteza\u201c (nava r\u0103m\u0103sese mult \u00een urma forma\u0163iei lui Nelson, dup\u0103 ce aceasta a trecut prin dreptul avang\u0103rzii lui Villneuve).<br \/>\nDup\u0103 cobor\u00e2rea acestui semnal, a dat ordin s\u0103 se ridice semnalul pentru Collingwood \u201eInten\u0163ionez s\u0103 str\u0103pung avangarda inamic\u0103 pentru a \u00eempiedica \u00eentoarcerea ei la Cadiz\u201c.<br \/>\n\u00cen acest timp, s-a apropiat de el medicul Beatty \u015fi i-a zis:<br \/>\n\u2013 Scuza\u0163i-m\u0103, Sir, dar to\u0163i aici g\u00e2ndesc c\u0103 francezii nu ar trebui s\u0103 aib\u0103 \u00een fa\u0163a lor o \u0163int\u0103 <img loading=\"lazy\" decoding=\"async\" class=\" size-full wp-image-184 alignright\" src=\"https:\/\/iuliu.sancraian.ro\/wp-content\/uploads\/2015\/07\/Nelson2.jpg\" alt=\"Nelson2\" width=\"398\" height=\"515\" srcset=\"https:\/\/iuliu.sancraian.ro\/wp-content\/uploads\/2015\/07\/Nelson2.jpg 398w, https:\/\/iuliu.sancraian.ro\/wp-content\/uploads\/2015\/07\/Nelson2-232x300.jpg 232w\" sizes=\"auto, (max-width: 398px) 100vw, 398px\" \/>vizibil\u0103 ca aceea pe care o ve\u0163i oferi dumneavoastr\u0103. \u00cembr\u0103ca\u0163i cel pu\u0163in o manta, sir, \u015fi cu degetul \u00eei ar\u0103t\u0103 marile cordoane \u015fi decora\u0163ii sc\u00e2nteietoare pe care le purta amiralul.<br \/>\nEle sclipeau pe haina albastr\u0103 \u015fi parc\u0103 erau special puse pen-tru a atrage gloan\u0163ele inamice.<br \/>\n\u2013 Beatty, spuse el, aceasta nu m\u0103 prive\u015fte dec\u00e2t pe mine \u015fi distinc\u0163iile ce le port, \u015fi nu mi-a fost niciodat\u0103 fric\u0103.<br \/>\nColingwood a descifrat semnalul pri-mit de la Nelson \u015fi a spus:<br \/>\n\u2013 Sper c\u0103 Nelson nu va mai face semnale, \u015ftim cu to\u0163ii ce avem de f\u0103cut.<br \/>\nExact \u00een acel moment, Nelson se \u00eendrepta spre pupa, urmat de c\u0103pitanul Blackwood.<br \/>\n\u2013 Voi face semnal flotei pentru a o distra. Nu crezi c\u0103 este necesar?<br \/>\n\u2013 Flota pare a \u00een\u0163elege destul de bine ce se petrece, Sir, r\u0103spunse Blackwood.<br \/>\nNelson a stat pu\u0163in pe g\u00e2nduri, apoi a zis.<br \/>\n\u2013 E\u015fti de p\u0103rere s\u0103 transmitem \u201eNelson are \u00eencredere c\u0103 fiecare \u00ee\u015fi va face datoria\u201c?<br \/>\n\u2013 Nu, merge mai bine a spune \u201eAnglia are \u00eencredere\u201c.<br \/>\n\u2013 Bine\u00een\u0163eles, bine\u00een\u0163eles, spuse Nelson \u00eenc\u00e2ntat \u015fi s-a adresat ofi\u0163erului cu semnalele.<br \/>\n\u2013 Domnule Pasco, doresc a spune flotei: \u201eAnglia are \u00eencredere c\u0103 fiecare b\u0103rbat \u00ee\u015fi va face datoria\u201c. Trebuie s\u0103-l transmi\u0163i, pentru c\u0103 dup\u0103 aceea trebuie s\u0103 transmi\u0163i imediat semnalul \u201eAngaja\u0163i lupta\u201c.<br \/>\n\u2013 Dac\u0103 \u00cen\u0103l\u0163imea voastr\u0103 dore\u015fte s\u0103-mi permit\u0103 s\u0103 \u00eenlocuiesc pe \u201eare \u00eencredere\u201c cu \u201ea\u015fteapt\u0103\u201c, transmiterea va fi mai rapid\u0103. \u201eA\u015fteapt\u0103\u201c se g\u0103se\u015fte \u00een cod, \u00eens\u0103 \u201eare \u00eencredere\u201c trebuie transmis liter\u0103 cu liter\u0103.<br \/>\n\u2013 Foarte bine Pasco, f\u0103-o imediat!<img loading=\"lazy\" decoding=\"async\" class=\"aligncenter size-full wp-image-186\" src=\"https:\/\/iuliu.sancraian.ro\/wp-content\/uploads\/2015\/07\/Nelson3.png\" alt=\"Nelson3\" width=\"654\" height=\"213\" srcset=\"https:\/\/iuliu.sancraian.ro\/wp-content\/uploads\/2015\/07\/Nelson3.png 654w, https:\/\/iuliu.sancraian.ro\/wp-content\/uploads\/2015\/07\/Nelson3-300x98.png 300w, https:\/\/iuliu.sancraian.ro\/wp-content\/uploads\/2015\/07\/Nelson3-500x163.png 500w\" sizes=\"auto, (max-width: 654px) 100vw, 654px\" \/><br \/>\nLa orele 11.48, pe saulele arborelui trinchet s-au ridicat pavilioanele colorate cu semnalul: \u201eAnglia a\u015fteapt\u0103 ca fiecare om s\u0103 \u00ee\u015fi fac\u0103 datoria\u201c. \u00cen lungul celor dou\u0103 linii de nave, pe m\u0103sur\u0103 ce se anun\u0163a semnifica\u0163ia semnalului marinarilor \u015fi tunarilor goi p\u00e2n\u0103 la br\u00e2u \u015fi cu batistele \u00eennodate la ceaf\u0103, r\u0103sunau uralele.<\/p>\n<p>La orele 12.15, a fost ridicat semnalul nr. 16 \u201eIntra\u0163i \u00een lupt\u0103, la mic\u0103 distan\u0163\u0103\u201c dup\u0103 care a ordonat:<br \/>\n\u2013 L\u0103sa\u0163i-l sus p\u00e2n\u0103 la sf\u00e2r\u015fit, \u015fi ad\u0103ug\u0103:<br \/>\n\u2013 Acum eu nu mai am nimic de f\u0103cut.<br \/>\n\u2026\u2026\u2026\u2026\u2026\u2026\u2026\u2026\u2026\u2026..<\/p>\n<p><strong>Epilog<\/strong><\/p>\n<p>\u2026\u2026\u2026\u2026\u2026\u2026\u2026\u2026\u2026\u2026..<\/p>\n<p>Trupul lui Nelson a fost conservat \u00eentr-un butoi cu coniac, amestecat cu camfor \u015fi smirn\u0103 \u015fi depus l\u00e2ng\u0103 arborele mare al lui Victory. El \u015fi-a \u00eenceput cariera tr\u0103g\u00e2nd la rame \u00eentr-o barc\u0103 pe Tamisa, d\u00e2nd ocol navei, care acum \u00eel ducea pe ultimul drum.<br \/>\nUn marinar a fost permanent de gard\u0103.<br \/>\nC\u0103pitanul Whitby, de la Amiralitate, a fost trimis la Merton s\u0103-i duc\u0103 trista veste Emmei. Emma \u0219i-a amintit, mai t\u00e2rziu, c\u0103 acesta i s-a \u00eenf\u0103\u0163i\u015fat cu o fa\u0163\u0103 palid\u0103.<br \/>\n\u2013 Spune-mi direct, a spus ea.<br \/>\n\u2013 Am c\u00e2\u015ftigat o mare victorie a spus acesta cu o voce slab\u0103.<br \/>\n\u2013 Nu conteaz\u0103 victoria, r\u0103spunde Emma, scrisorile mele, d\u0103-mi scrisorile mele!<br \/>\nLacrimile \u015fi paloarea fe\u0163ei lui Whitby au f\u0103cut-o s\u0103 \u00een\u0163eleag\u0103 c\u0103 Nelson al ei a trecut \u00een nefiin\u0163\u0103.<br \/>\nEmma a dat un \u0163ip\u0103t \u015fi zece ore nu a vorbit \u015fi n-a v\u0103rsat nicio lacrim\u0103. Durerea ei era prea mare.<br \/>\nRegele George III, cu lacrimi \u00een ochi, a spus:<br \/>\n\u2013 Am pierdut mai mult dec\u00e2t am c\u00e2\u015ftigat.<br \/>\nEnglezii \u0219i-au pl\u00e2ns eroul, s-au scris ode \u015fi elegii, i s-au adus ofrande.<br \/>\nZiarul Times scria: \u201eNu \u015ftim dac\u0103 trebuie s\u0103 pl\u00e2ngem sau s\u0103 ne bucur\u0103m. \u0162ara noastr\u0103 a c\u00e2\u015ftigat victoria cea mai splendid\u0103 \u015fi mai decisiv\u0103, din istoria naval\u0103 a Angliei. Dar a fost pl\u0103tit\u0103 scump\u201d.<br \/>\n\u00cenmorm\u00e2ntarea sa a fost una dintre cele mai grandioase din istoria Angliei. B\u0103t\u0103lia c\u00ee\u015ftigat\u0103 de el r\u0103m\u00eene, al\u0103turi de Waterloo, \u00een 1815, \u015fi de B\u0103t\u0103lia Angliei, \u00een 1941, unul dintre momentele m\u0103re\u0163e ale na\u0163iunii. Numele eroului s\u0103u, descris c\u00e2ndva drept \u201eun omule\u0163 nu foarte chipe\u015f\u201c, continu\u0103 s\u0103 fie, al\u0103turi de un grup restr\u00e2ns de englezi, precum Shakespeare, Churchill, John Lennon \u015fi prin\u0163esa Diana, un nume pe care orice \u015fcolar englez \u00eel cunoa\u015fte.<br \/>\n\u2026\u2026\u2026\u2026\u2026\u2026\u2026\u2026\u2026\u2026..<br \/>\nTrafalgar r\u0103m\u00e2ne cea mai r\u0103sun\u0103toare victorie naval\u0103 din lunga \u015fi legendara istorie maritim\u0103 a Angliei. A existat o logic\u0103 geopolitic\u0103 profund\u0103 pentru care b\u0103t\u0103lia definitorie a epocii navelor cu p\u00e2nze s-a purtat aici. C\u00e1diz era \u201epoarta\u201c dintre Lumea Veche \u015fi Lumea Nou\u0103. \u201eRolul jucat de C\u00e1diz \u00een b\u0103t\u0103lia strategic\u0103 mai ampl\u0103, dintre puterile care doreau s\u0103 controleze Atlanticul, nu a fost \u00eent\u00eempl\u0103tor \u2013 spune Javier Fern\u00e1ndez Reina, directorul Arhivei Municipale din C\u00e1diz. \u015ei nici faptul c\u0103 b\u0103t\u0103lia a avut loc aici. Trafalgar nu a fost un eveniment izolat. A fost actul final al unei drame, care se derula de aproape un deceniu.\u201c<br \/>\nU\u015furin\u0163a cu care a fost ob\u0163inut\u0103 aceast\u0103 victorie poate fi explicat\u0103 dac\u0103 analiz\u0103m cele dou\u0103 flote, care s-au confruntat.<br \/>\nEchipajele lui Nelson erau bine antrenate prin exerci\u0163ii riguroase \u015fi o \u00eendelungat\u0103 preg\u0103tire pe mare. Multe dintre echipajele Flotei Combinate, \u00een special cele de pe vasele spaniole, fuseser\u0103 recrutate \u00een grab\u0103, dintre oameni care nu mai fuseser\u0103 niciodat\u0103 pe mare.<br \/>\nMoralul, starea de s\u0103n\u0103tate \u015fi disciplina echipajelor lui Nelson erau net superioare. El s-a \u00eengrijit mereu de bun\u0103starea echipajelor, i-a motivat prin acordarea de recompense dup\u0103 prize, a \u015ftiut s\u0103 le insufle \u00eencrederea \u00een victorie. Tunarii englezi scriseser\u0103 cu cret\u0103 pe tunuri: \u201eVictorie sau moarte\u201c. Nu cu multe secole \u00een urm\u0103, Anglia a fost cucerit\u0103 de vikingi. Arma secret\u0103 a acestora nu au fost, \u00een primul r\u00e2nd, navele cu calit\u0103\u0163i nautice deosebite, ci mai ales, \u00eend\u00e2rjirea \u00een lupt\u0103, fiind convin\u015fi c\u0103 dup\u0103 moarte, fecioarele Walkirii \u00eei vor conduce \u00een Walhala. Mul\u0163i marinari din Flota Combinat\u0103 s-au \u00eemboln\u0103vit de febra galben\u0103, care f\u0103cuse ravagii pe coasta sudic\u0103 a Spaniei, din 1801 p\u00e2n\u0103 \u00een 1805. \u201eA fost ca \u015fi cum Manchester United ar fi jucat cu o echip\u0103 din divizia B, cu oamenii accidenta\u0163i \u015fi ne\u00eencrez\u0103tori \u00een ei \u00een\u015fi\u015fi \u2013 spune David Cordingly, istoric naval britanic. Adversarii nu au crezut niciodat\u0103 c\u0103 ar putea \u00eenvinge. Ca urmare, moralul lor s-a pr\u0103bu\u015fit la pu\u0163in timp dup\u0103 \u00eenceperea b\u0103t\u0103liei.\u201c<br \/>\nCoeziunea comenzii a fost zdrobitoare. Nelson a fost un mare conduc\u0103tor, care a \u015ftiut s\u0103 explice inten\u0163iile sale, s\u0103 ac\u0163io-neze \u00eentr-un mod nea\u015fteptat de c\u0103tre inamic, s\u0103-i fac\u0103 pe subor-dona\u0163i s\u0103 coopereze \u0219i s\u0103 aib\u0103 ini\u021biativa, iar pe inamici s\u0103 se team\u0103. Acesta este factorul Nelson. \u201eNumele s\u0103u f\u0103cea el singur c\u00e2t o armat\u0103 &#8211; a scris viitorul rege George al IV-lea, care luptase sub comanda lui Nelson \u00een tinere\u0163e. Nelson \u015fi Victory \u00eensemnau unul \u015fi acela\u015fi lucru pentru noi \u015fi aduceau \u00een inima du\u015fmanului nostru disperare \u015fi groaz\u0103.\u201c Navele engleze se sprijineau reciproc, erau mobile, \u00eencercuiau inamicul, realiz\u00e2nd concentrarea de for\u0163e zdrobitoare. Comandan\u0163ii Flotei Combinate erau imobili, se ag\u0103\u0163au de men\u0163inerea pozi\u0163iei \u00een forma\u0163ie, trebuia s\u0103 li se dea ordine pentru a veni \u00een sprijinul camarazilor.<br \/>\n\u00cendr\u0103zneala \u015fi norocul au fost de partea lui Nelson. Mul\u0163i spun c\u0103, dac\u0103 v\u00e2ntul ar fi c\u0103zut dup\u0103 ce primele nave engleze s-au angajat \u00een lupt\u0103, rezultatul b\u0103t\u0103liei ar fi fost altul. Dar v\u00e2ntul nu s-a oprit, chiar dac\u0103 a fost slab.<br \/>\nTrafalgar a fost una dintre ultimele mari b\u0103t\u0103lii navale din epoca naviga\u0163iei cu vele \u015fi are semnifica\u0163ii foarte diferite pentru cele trei na\u0163iuni care s-au \u00eent\u00eelnit \u00een largul coastei de la C\u00e1diz.<br \/>\nPentru spanioli, Trafalgarul a fost \u015fi este o glorioas\u0103 \u00eenfr\u00e2ngere. \u00cen Madrid, exist\u0103 chiar \u015fi o strad\u0103 care se nume\u015fte Trafalgar. Pentru spanioli, b\u0103t\u0103lia a marcat \u00eenceputul sf\u00e2r\u015fitului imperiului lor din America de Sud. \u201ePierderea unor c\u0103pitani, precum Federico Gravina, Churruca \u015fi Alcal\u00e1 Galiano a fost semnificativ\u0103 pentru Spania \u2013 spune Jos\u00e9 Gonz\u00e1lez-Aller, istoric naval spaniol din Madrid. Dup\u0103 aceast\u0103 dat\u0103, am pierdut speran\u0163a de a mai fi o mare putere maritim\u0103.\u201c<br \/>\nSingurul comentariu al lui Napoleon asupra dezastrului, care s-a soldat cu peste 8.000 de victime, a fost: \u201eDin cauza unei furtuni, am pierdut c\u00e2teva vase, dup\u0103 o b\u0103t\u0103lie purtat\u0103 imprudent.\u201c Gravitatea \u00eenfr\u00e2ngerii a fost diminuat\u0103 prin presa strict controlat\u0103. Dezonorat, Villneuve nu a putut suporta \u00eenfr\u00e2ngerea. \u201eB\u0103t\u0103lia de la Trafalgar r\u0103m\u00e2ne o ran\u0103 ad\u00eenc\u0103 \u2013 spune Remi Monaque -, care va s\u00e2ngera de-a pururi \u00een inima francezilor.\u201c<br \/>\n\u00cencep\u00e2nd cu anul b\u0103t\u0103liei de la Trafalgar, Anglia a c\u00e2\u015ftigat pentru o sut\u0103 de ani domina\u0163ia m\u0103rilor \u015fi oceanelor lumii \u015fi bog\u0103-\u0163ia, fiind cea mai mare putere maritim\u0103. \u201eNelson este simbolul nostru na\u0163ional \u00een clipe potrivnice &#8211; spune Andrew Lambert. Nu avem mare nevoie de el pentru moment. Dar, dac\u0103 v\u0103 uita\u0163i la anii 1940, el apare aproape \u00een fiecare fraz\u0103 a lui Churchill. El este totemul nostru, talismanul nostru pe timp de r\u0103zboi.\u201c Urm\u0103rile celei mai mari victorii ob\u0163inute de el se v\u0103d \u015fi ast\u0103zi. \u201eTrafalgarul a \u00eensemnat triumful Anglosferei &#8211; scrie Tim Clayton. Ca urmare a B\u0103t\u0103liei de la Trafalgar, engleza a devenit limba universal\u0103 a comer\u0163ului maritim.\u201c<\/p>\n<p><a href=\"https:\/\/iuliu.sancraian.ro\/index.php\/carti\/\">Intoarcere la pagina Carti.<\/a><\/p>\n","protected":false},"excerpt":{"rendered":"<p>Cuprins Introducere Prefa\u0163a Capitolul I N-am v\u0103zut niciodat\u0103 frica Capitolul II Comandant de nav\u0103 Capitolul III Va deveni un om mare. Emma Capitolul IV Promit dinainte iertarea Capitolul V Captura\u0163i-i, scufunda\u0163i-i \u015fi incendia\u0163i-i Capitolul VI Femeia vie\u0163ii lui Capitolul VII &hellip; <a href=\"https:\/\/iuliu.sancraian.ro\/index.php\/nelson\/\">Continue reading <span class=\"meta-nav\">&rarr;<\/span><\/a><\/p>\n","protected":false},"author":1,"featured_media":0,"parent":0,"menu_order":0,"comment_status":"closed","ping_status":"closed","template":"","meta":{"footnotes":""},"class_list":["post-182","page","type-page","status-publish","hentry"],"_links":{"self":[{"href":"https:\/\/iuliu.sancraian.ro\/index.php\/wp-json\/wp\/v2\/pages\/182","targetHints":{"allow":["GET"]}}],"collection":[{"href":"https:\/\/iuliu.sancraian.ro\/index.php\/wp-json\/wp\/v2\/pages"}],"about":[{"href":"https:\/\/iuliu.sancraian.ro\/index.php\/wp-json\/wp\/v2\/types\/page"}],"author":[{"embeddable":true,"href":"https:\/\/iuliu.sancraian.ro\/index.php\/wp-json\/wp\/v2\/users\/1"}],"replies":[{"embeddable":true,"href":"https:\/\/iuliu.sancraian.ro\/index.php\/wp-json\/wp\/v2\/comments?post=182"}],"version-history":[{"count":3,"href":"https:\/\/iuliu.sancraian.ro\/index.php\/wp-json\/wp\/v2\/pages\/182\/revisions"}],"predecessor-version":[{"id":361,"href":"https:\/\/iuliu.sancraian.ro\/index.php\/wp-json\/wp\/v2\/pages\/182\/revisions\/361"}],"wp:attachment":[{"href":"https:\/\/iuliu.sancraian.ro\/index.php\/wp-json\/wp\/v2\/media?parent=182"}],"curies":[{"name":"wp","href":"https:\/\/api.w.org\/{rel}","templated":true}]}}